posite number?
False
Is 29123 a prime number?
True
Is 138499 prime?
False
Is 991739 prime?
False
Is 1300647 composite?
True
Is 4344657 composite?
True
Is 2411 a composite number?
False
Is 36349 a prime number?
False
Is 21179 composite?
False
Is 13517 prime?
False
Is 3194 composite?
True
Is 1408597 prime?
True
Is 19322 composite?
True
Is 141373 a composite number?
True
Is 138161 composite?
True
Is 65479 a prime number?
True
Is 959443 prime?
False
Is 221549 a composite number?
False
Is 1042039 a composite number?
False
Is 2617 a composite number?
False
Is 9287 prime?
False
Is 21379 prime?
True
Is 38693 a prime number?
True
Is 223 a prime number?
True
Is 213847 composite?
False
Is 1945745 composite?
True
Is 2459 a prime number?
True
Is 313423 a composite number?
True
Is 1701845 a prime number?
False
Is 7817 a composite number?
False
Is 41893 a prime number?
True
Is 151471 composite?
False
Is 6499 a composite number?
True
Is 60589 composite?
False
Is 80527 a composite number?
False
Is 54039 a composite number?
True
Is 172803 a prime number?
False
Is 1442143 composite?
False
Is 5269 a prime number?
False
Is 8076265 a composite number?
True
Is 310481 a composite number?
False
Is 338369 a composite number?
False
Is 16201 a composite number?
True
Is 165071 composite?
True
Is 454 a composite number?
True
Is 28109 composite?
False
Is 87473 a prime number?
True
Is 60163 a composite number?
True
Is 6079 prime?
True
Is 786211 composite?
False
Is 14657 a composite number?
False
Is 4091 a composite number?
False
Is 901673 a composite number?
True
Is 1567 a prime number?
True
Is 83203 a prime number?
True
Is 10655 prime?
False
Is 13067 composite?
True
Is 219151 composite?
True
Is 447089 prime?
False
Is 387461 a prime number?
False
Is 66257 a composite number?
True
Is 44771 composite?
False
Is 317153 composite?
True
Is 92347 a composite number?
False
Is 11533 a prime number?
False
Is 188777 a prime number?
False
Is 1377095 a prime number?
False
Is 117835 a prime number?
False
Is 19681 prime?
True
Is 1473 a prime number?
False
Is 1395223 a composite number?
False
Is 697673 composite?
False
Is 773207 a composite number?
False
Is 54251 a prime number?
True
Is 63107 a prime number?
False
Is 113 a prime number?
True
Is 19769 a composite number?
True
Is 277483 a composite number?
False
Is 238883 prime?
True
Is 2267 composite?
False
Is 6767 a composite number?
True
Is 5579 a composite number?
True
Is 193423 composite?
False
Is 120539 prime?
True
Is 6119 a composite number?
True
Is 191741 composite?
True
Is 5953 composite?
False
Is 112165 prime?
False
Is 3261 prime?
False
Is 103541 composite?
True
Is 1125071 a composite number?
True
Is 523193 prime?
False
Is 251323 a composite number?
False
Is 5167 a composite number?
False
Is 69143 prime?
True
Is 15133 a prime number?
False
Is 50671 a composite number?
False
Is 26671 a prime number?
False
Is 30949 composite?
False
Is 356411 a prime number?
False
Is 44353 composite?
True
Is 4137791 composite?
True
Is 6037 a composite number?
False
Is 395506 a prime number?
False
Is 74549 prime?
False
Is 965341 composite?
True
Is 16457 a prime number?
False
Is 70671 composite?
True
Is 20413 a composite number?
True
Is 141523 prime?
False
Is 884159 a prime number?
True
Is 11974 a prime number?
False
Is 88187 a composite number?
True
Is 6635 a composite number?
True
Is 44617 a composite number?
False
Is 6617 composite?
True
Is 11579 a composite number?
False
Is 29443 a composite number?
False
Is 49429 prime?
True
Is 109943 composite?
False
Is 75557 prime?
True
Is 22837 a prime number?
False
Is 6049 prime?
False
Is 109295 a composite number?
True
Is 165241 a prime number?
False
Is 132907 a prime number?
False
Is 22327 prime?
False
Is 635 prime?
False
Is 2333 a prime number?
True
Is 210727 composite?
True
Is 140299 a composite number?
True
Is 23151 a prime number?
False
Is 293377 a prime number?
False
Is 604649 a prime number?
True
Is 16183 a prime number?
True
Is 13309 a composite number?
False
Is 1194373 a composite number?
False
Is 3097981 a composite number?
True
Is 38289 a prime number?
False
Is 125299 composite?
False
Is 326611 a prime number?
True
Is 47869 a composite number?
False
Is 1002373 prime?
False
Is 649199 a composite number?
True
Is 133103 composite?
False
Is 2053 prime?
True
Is 13361 composite?
True
Is 29467 composite?
True
Is 1867313 a composite number?
True
Is 29443 a composite number?
False
Is 3613 a prime number?
True
Is 3328597 a prime number?
True
Is 1523801 a prime number?
True
Is 31307 a prime number?
True
Is 10541 composite?
True
Is 26099 a prime number?
True
Is 12353 a composite number?
True
Is 67561 prime?
False
Is 284341 composite?
False
Is 2436919 a composite number?
True
Is 39007 a prime number?
False
Is 9967 a composite number?
False
Is 241079 prime?
True
Is 139697 a prime number?
True
Is 128827 composite?
True
Is 1265507 a prime number?
False
Is 28211 a composite number?
False
Is 30574 a prime number?
False
Is 25811 prime?
False
Is 55439 a prime number?
True
Is 650899 prime?
False
Is 16413 composite?
True
Is 14590723 composite?
True
Is 5714 a prime number?
False
Is 311653 a prime number?
True
Is 2797 a prime number?
True
Is 1744151 composite?
False
Is 16547 a prime number?
True
Is 14961 composite?
True
Is 43366 composite?
True
Is 23523 composite?
True
Is 2095721 composite?
False
Is 46841 composite?
True
Is 319883 a composite number?
False
Is 1949999 prime?
True
Is 53771 a prime number?
False
Is 25429 a prime number?
False
Is 3715 prime?
False
Is 1152181 prime?
True
Is 15977 a composite number?
True
Is 69241 a prime number?
False
Is 2261197 a composite number?
False
Is 27361 prime?
True
Is 30269 a composite number?
False
Is 295547 a prime number?
False
Is 12143 composite?
False
Is 126001 a composite number?
False
Is 671 prime?
False
Is 68033 a composite number?
True
Is 1262011 a prime number?
True
Is 3251 prime?
True
Is 38197 composite?
False
Is 3128041 a prime number?
False
Is 2479 a prime number?
False
Is 3611 prime?
False
Is 44686 composite?
True
Is 40519 prime?
True
Is 3946 prime?
False
Is 40483 a composite number?
False
Is 5077 a composite number?
False
Is 17521 a prime number?
False
Is 6669901 a prime number?
False
Is 11369 a composite number?
False
Is 2283007 prime?
False
Is 92893 composite?
False
Is 326021 a prime number?
False
Is 191747 composite?
False
Is 131623 a prime number?
False
Is 8579 a prime number?
False
Is 8227 composite?
True
Is 1799539 a prime number?
False
Is 60223 a composite number?
False
Is 20782 prime?
False
Is 127189 a composite number?
False
Is 43959 a prime number?
False
Is 235919 a prime number?
True
Is 19731 prime?
False
Is 53443 composite?
True
Is 14849 a composite number?
True
Is 32141 composite?
False
Is 5021 a prime number?
True
Is 15839 a composite number?
True
Is 226079 a composite number?
True
Is 701087 prime?
False
Is 30293 prime?
True
Is 52157 prime?
False
Is 2249 composite?
True
Is 2433 composite?
True
Is 27499 prime?
False
Is 995 a composite number?
True
Is 1183477 prime?
True
Is 12014 a composite number?
True
Is 37333 prime?
False
Is 648173 a prime number?
True
Is 192251 composite?
False
Is 148061 a composite number?
False
Is 124237 prime?
False
Is 4049 composite?
False
Is 418195 composite?
True
Is 1123 composite?
False
Is 875803 a prime number?
True
Is 5623 composite?
False
Is 934049 composite?
False
Is 8057 a prime number?
False
Is 9817 a prime number?
True
Is 17257 prime?
True
Is 25523 a composite number?
False
Is 633 prime?
False
Is 8951 composite?
False
Is 12403 a prime number?
False
Is 6521 prime?
True
Is 301577 prime?
True
Is 14563 a prime number?
True
Is 40231 prime?
True
Is 4507 a prime number?
True
Is 61163 composite?
True
Is 3163 prime?
True
Is 451579 prime?
True
Is 264731 composite?
False
Is 679733 prime?
True
Is 2137541 a composite number?
True
Is 14827 composite?
False
Is 946397 prime?
True
Is 445369 a composite number?
True
Is 112666 a composite number?
True
Is 369485 composite?
True
Is 104689 composite?
True
Is 392861 a prime number?
False
Is 25769 composite?
True
Is 184033 a composite number?
True
Is 4237 prime?
False
Is 7325635 prime?
False
Is 11729 prime?
False
Is 328682 prime?
False
Is 295909 a prime number?
True
Is 135689 a prime number?
